{"id":25,"date":"2015-02-26T13:16:47","date_gmt":"2015-02-26T12:16:47","guid":{"rendered":"http:\/\/www.jetcarrier.com\/cms\/?page_id=25"},"modified":"2022-08-25T15:02:38","modified_gmt":"2022-08-25T14:02:38","slug":"sjofrakt","status":"publish","type":"page","link":"https:\/\/www.jetcarrier.com\/cms\/tjenester\/sjofrakt\/","title":{"rendered":"Sj\u00f8frakt"},"content":{"rendered":"<p>Vi tilbyr sj\u00f8frakt fra USA til Scandinavia. Det er ingen begrensninger p\u00e5\u00a0st\u00f8rrelse eller vekt og det et rimligere alternativ enn flyfrakt. Hos JetCarrier kan du sende\u00a0alt fra de minste pakkene til de st\u00f8rste pallene med v\u00e5r sj\u00f8frakt, og det til priser du skal lete lenge etter for \u00e5 finne noe tilsvarende.<br \/>\nFaktor for vekt og volum er 1 til 1, for \u00e5 finne prisen\u00a0p\u00e5 en sending m\u00e5 du vite vekt og volum p\u00e5 sendingen din. Det st\u00f8rste tallet vil v\u00e6re avgj\u00f8rende for prisen.<br \/>\nPrislisten finner du\u00a0<a href=\"http:\/\/www.jetcarrier.com\/cms\/priser\/prislister\/\">her<\/a>, pris for sj\u00f8frakt ellers er som spesifisert i prislisten til v\u00e5r terminal i Halden,\u00a0Norge.<\/p>\n<p><a href=\"http:\/\/www.jetcarrier.com\/cms\/wp-content\/uploads\/2015\/02\/sea-cargo.jpg\"><img loading=\"lazy\" decoding=\"async\" class=\"alignnone size-full wp-image-147\" src=\"http:\/\/www.jetcarrier.com\/cms\/wp-content\/uploads\/2015\/02\/sea-cargo.jpg\" alt=\"sea-cargo\" width=\"800\" height=\"320\" srcset=\"https:\/\/www.jetcarrier.com\/cms\/wp-content\/uploads\/2015\/02\/sea-cargo.jpg 800w, https:\/\/www.jetcarrier.com\/cms\/wp-content\/uploads\/2015\/02\/sea-cargo-300x120.jpg 300w, https:\/\/www.jetcarrier.com\/cms\/wp-content\/uploads\/2015\/02\/sea-cargo-624x250.jpg 624w\" sizes=\"auto, (max-width: 800px) 100vw, 800px\" \/><\/a><\/p>\n<p><strong>Sj\u00f8gods fra USA<br \/>\n<\/strong>Vi har ingen garantert leveringstid p\u00e5 sj\u00f8frakt men erfaringsmessig g\u00e5r det ca. 21 dager fra b\u00e5ten g\u00e5r til vi har godset klar for utsending i Norge.<br \/>\n***NB. Helt siden Korona pandemien varierer dette veldig, vi ser n\u00e5 fra 30-60 dagers transittider.***<\/p>\n<p>Vi tar forbehold om uforutsette hendelser og andre elementer som kan skape forsinkelser og gj\u00f8r oppmerksom p\u00e5 at 21 dager er estimatet basert p\u00e5 gjennomsnittlige transporttider. Det vil alltid v\u00e6re st\u00f8rre eller mindre svingninger i sj\u00f8transport kontra flyfrakt.<br \/>\nPris fra terminal og hjem til deg varierer avhengig av sendingens vekt (fraktberegningsvekt) og ditt postnummer.<br \/>\nDu kan ogs\u00e5 hente godset i Halden,\u00a0eller benytte egen transport\u00f8r.<\/p>\n<p><strong>Cut off tider<\/strong><br \/>\nVi har ingen cut off tider for v\u00e5r sj\u00f8fraktl\u00f8sning. Det betyr at etterhvert som containere blir fulle blir de sendt fortl\u00f8pende. \u00d8nsker du \u00e5 styre dine pakker til bestemte sj\u00f8batcher m\u00e5 du har et <a href=\"http:\/\/www.jetcarrier.com\/cms\/tjenester\/club-jc\/\">Club JC<\/a> medlemskap og benytte deg av <a href=\"http:\/\/www.jetcarrier.com\/cms\/tjenester\/club-jc\/standby-booking\/\">StandBy<\/a> bookinger. Da kan du selv bestemme n\u00e5r du vil at sj\u00f8 (og fly) gods skal sendes fra USA.<\/p>\n<p><strong>Containerst\u00f8rrelser<\/strong><\/p>\n<p><b>20 fot DV<\/b><br \/>\nOuter measures &#8211; L x B x H: 6058 x 2438 x 2591.<br \/>\nInner measures &#8211; L x B x H: 5900 x 2350 x 2370.<br \/>\nFloor &#8211; 14 kvm<br \/>\nVolume &#8211; 33 kbm<br \/>\nWeight &#8211; 2200 kg<br \/>\nLoading capacity &#8211; 21800 kg<\/p>\n<p><b>40 \u00a0fot DV<\/b><br \/>\nOuter measures &#8211; L x B x H: 12192 x 2438 x 2591.<br \/>\nInner measures &#8211; L x B x H: 12050 x 2350 x 2370.<br \/>\nFloor &#8211; 28 kvm<br \/>\nVolume &#8211; 67 kbm<br \/>\nWeight &#8211; 3900 kg<br \/>\nLoading capacity &#8211; 26600 kg<\/p>\n<p><b>40 fot HC<\/b><br \/>\nOuter measures &#8211; L x B x H: 12192 x 2438 x 2896.<br \/>\nInner measures &#8211; L x B x H: 12050 x 2350 x 2670.<br \/>\nFloor &#8211; 28 kvm<br \/>\nVolume &#8211; 75 kbm<br \/>\nWeight &#8211; 4400 kg<br \/>\nLoading capacity &#8211; 26100 kg<\/p>\n","protected":false},"excerpt":{"rendered":"<p>Vi tilbyr sj\u00f8frakt fra USA til Scandinavia. Det er ingen begrensninger p\u00e5\u00a0st\u00f8rrelse eller vekt og det et rimligere alternativ enn flyfrakt. Hos JetCarrier kan du sende\u00a0alt fra de minste pakkene til de st\u00f8rste pallene med v\u00e5r sj\u00f8frakt, og det til priser du skal lete lenge etter for \u00e5 finne noe tilsvarende. Faktor for vekt og [&hellip;]<\/p>\n","protected":false},"author":2,"featured_media":0,"parent":14,"menu_order":4,"comment_status":"closed","ping_status":"closed","template":"","meta":{"footnotes":"","_links_to":"","_links_to_target":""},"class_list":["post-25","page","type-page","status-publish","hentry"],"_links":{"self":[{"href":"https:\/\/www.jetcarrier.com\/cms\/wp-json\/wp\/v2\/pages\/25","targetHints":{"allow":["GET"]}}],"collection":[{"href":"https:\/\/www.jetcarrier.com\/cms\/wp-json\/wp\/v2\/pages"}],"about":[{"href":"https:\/\/www.jetcarrier.com\/cms\/wp-json\/wp\/v2\/types\/page"}],"author":[{"embeddable":true,"href":"https:\/\/www.jetcarrier.com\/cms\/wp-json\/wp\/v2\/users\/2"}],"replies":[{"embeddable":true,"href":"https:\/\/www.jetcarrier.com\/cms\/wp-json\/wp\/v2\/comments?post=25"}],"version-history":[{"count":11,"href":"https:\/\/www.jetcarrier.com\/cms\/wp-json\/wp\/v2\/pages\/25\/revisions"}],"predecessor-version":[{"id":4657,"href":"https:\/\/www.jetcarrier.com\/cms\/wp-json\/wp\/v2\/pages\/25\/revisions\/4657"}],"up":[{"embeddable":true,"href":"https:\/\/www.jetcarrier.com\/cms\/wp-json\/wp\/v2\/pages\/14"}],"wp:attachment":[{"href":"https:\/\/www.jetcarrier.com\/cms\/wp-json\/wp\/v2\/media?parent=25"}],"curies":[{"name":"wp","href":"https:\/\/api.w.org\/{rel}","templated":true}]}}