{"id":2226,"date":"2018-04-25T08:59:48","date_gmt":"2018-04-25T07:59:48","guid":{"rendered":"http:\/\/www.jetcarrier.com\/cms\/?page_id=2226"},"modified":"2022-01-03T14:44:23","modified_gmt":"2022-01-03T13:44:23","slug":"gdpr","status":"publish","type":"page","link":"https:\/\/www.jetcarrier.com\/cms\/priser\/vilkar\/gdpr\/","title":{"rendered":"GDPR"},"content":{"rendered":"<p class=\"western\"><span style=\"font-family: 'Century Gothic', sans-serif;\">Personvernerkl\u00e6ring for <span style=\"color: #000000;\">Jetcarrier<\/span><\/span><span style=\"color: #000000;\"><span style=\"font-family: 'Century Gothic', sans-serif;\">\u00a0AS<\/span><\/span><\/p>\n<p class=\"western\"><span style=\"font-family: 'Century Gothic', sans-serif;\"><span style=\"font-size: medium;\">Behandlingsansvarlig<\/span><\/span><\/p>\n<p><span style=\"font-family: 'Century Gothic', sans-serif;\">Daglig leder er p\u00e5 vegne av <span style=\"color: #000000;\">Jetcarrier<\/span>\u00a0AS behandlingsansvarlig for selskapets behandling av personopplysninger. <\/span><\/p>\n<p class=\"western\"><span style=\"font-family: 'Century Gothic', sans-serif;\"><span style=\"font-size: medium;\">Form\u00e5l<\/span><\/span><\/p>\n<p><span style=\"font-family: 'Century Gothic', sans-serif;\">Form\u00e5let med behandlingen er \u00e5 s\u00f8rge for at varer kunden bestiller kommer frem til kunden eller til den adresse kunden \u00f8nsker varene levert p\u00e5. Form\u00e5let med behandling av personnummer er \u00e5 sikre identiteten p\u00e5 mottaker ifbm. fortollinger. <\/span><\/p>\n<p class=\"western\"><span style=\"font-family: 'Century Gothic', sans-serif;\"><span style=\"font-size: medium;\">Grunnlaget for behandlingen.<\/span><\/span><\/p>\n<p><span style=\"font-family: 'Century Gothic', sans-serif;\">Informasjon om navn, adresse, telefon, e-postadresse benyttes for \u00e5 oppfylle kj\u00f8psavtalen. Grunnlaget for denne behandlingen er personvernforordningens artikkel Art 6 (b). <\/span><\/p>\n<p><span style=\"font-family: 'Century Gothic', sans-serif;\">Der du har samtykket til det benyttes ogs\u00e5 opplysningene til \u00e5 gi deg informasjon, tilbud og service i forbindelse med ditt kj\u00f8p via e-post, telefon og SMS. Grunnlaget for denne behandlingen er personvernforordningen Art 6 (a). Du kan n\u00e5r som helst takke nei til \u00e5 motta slik informasjon fra oss. <\/span><\/p>\n<p class=\"western\"><span style=\"font-family: 'Century Gothic', sans-serif;\"><span style=\"font-size: medium;\">Personopplysninger som lagres<\/span><\/span><\/p>\n<p><span style=\"font-family: 'Century Gothic', sans-serif;\">Vi lagrer f\u00f8lgende personopplysninger om v\u00e5re kunder;<\/span><\/p>\n<p><span style=\"font-family: 'Century Gothic', sans-serif;\">Navn, adresse(r), telefonnummer, e-postadresse, f\u00f8dselsdato og passord for innlogging til \u00abmin side\u00bb. <\/span><\/p>\n<p><span style=\"font-family: 'Century Gothic', sans-serif;\">Vi lagrer i tillegg kj\u00f8ps- og frakthistorikk, samt kopier av handelsfakturaer da vi er lovp\u00e5lagt \u00e5 oppbevare denne informasjonen ifbm. fortollinger.<\/span><\/p>\n<p><span style=\"font-family: 'Century Gothic', sans-serif;\"><span style=\"font-size: medium;\">Hvor hentes opplysningene fra.<\/span><\/span><\/p>\n<p><span style=\"font-family: 'Century Gothic', sans-serif;\">Alternativ 1: Vi lagrer de personopplysningene du har avgitt p\u00e5 v\u00e5re nettsider i forbindelse med opprettelse av din konto.<\/span><\/p>\n<p><span style=\"font-family: 'Century Gothic', sans-serif;\">Alternativ 2: Vi lagrer de personopplysningene du har avgitt v\u00e5re ansatte i forbindelse med h\u00e5ndteringen av dine ordre.<\/span><\/p>\n<p><span style=\"font-family: 'Century Gothic', sans-serif;\">Vi bruker informasjonskapsler\/cookies p\u00e5 v\u00e5re nettsider for \u00e5 gi deg som bes\u00f8ker siden best kundeopplevelse og service. Lov om elektronisk kommunikasjon krever at vi informerer v\u00e5re bes\u00f8kende om bruk av informasjonskapsler (cookies). L<\/span><\/p>\n<p><span style=\"font-family: 'Century Gothic', sans-serif;\">Personnummer hentes fra Evry som h\u00e5ndterer dette for folkeregisteret.<\/span><\/p>\n<p class=\"western\"><span style=\"font-family: 'Century Gothic', sans-serif;\"><span style=\"font-size: medium;\">Form\u00e5l med behandlingen<\/span><\/span><\/p>\n<p><span style=\"font-family: 'Century Gothic', sans-serif;\">Vi behandler opplysningene for \u00e5 kunne gjennomf\u00f8re v\u00e5re forpliktelser etter avtale med deg og med norske myndigheter ifbm. tollbehandling av varer. <\/span><\/p>\n<p><span style=\"font-family: 'Century Gothic', sans-serif;\">Vi benytter ogs\u00e5 opplysningene for \u00e5 kunne gi deg viktig informasjon om ditt kundeforhold, via e-post telefon, SMS og postutsendelser.<\/span><\/p>\n<p class=\"western\"><span style=\"font-family: 'Century Gothic', sans-serif;\"><span style=\"font-size: medium;\">Utlevering av opplysninger til tredjeparter <\/span><\/span><\/p>\n<p><span style=\"font-family: 'Century Gothic', sans-serif;\">Vi vil ikke dele, selge, overf\u00f8re eller p\u00e5 annen m\u00e5te utlevere personopplysninger til andre, med mindre vi er rettslig forpliktet til det. <\/span><\/p>\n<p><span style=\"font-family: 'Century Gothic', sans-serif;\">For \u00e5 kunne oppfylle v\u00e5re forpliktelser etter avtalen utleveres n\u00f8dvendige opplysninger til v\u00e5re samarbeidspartnere. PostNord, Posten og Bring.<\/span><\/p>\n<p class=\"western\"><span style=\"font-family: 'Century Gothic', sans-serif;\">Sletting av personopplysninger<\/span><\/p>\n<p><span style=\"font-family: 'Century Gothic', sans-serif;\">Opplysninger vi har mottatt i forbindelse med dine ordre lagres i v\u00e5rt aktive kunderegister.<\/span><\/p>\n<p><span style=\"font-family: 'Century Gothic', sans-serif;\">Opplysninger vi etter bokf\u00f8ringsloven er forpliktet til \u00e5 bevare vil lagres i minst 5 \u00e5r, i henhold til lovens krav. <\/span><\/p>\n<p class=\"western\"><span style=\"font-family: 'Century Gothic', sans-serif;\">Rettigheter for den registrerte <\/span><\/p>\n<p><span style=\"font-family: 'Century Gothic', sans-serif;\">Vi behandler dine personopplysninger i henhold til personopplysningsloven og gjeldende forskrifter. Det gj\u00f8res oppmerksom p\u00e5 at du har fritt innsyn i egne personopplysninger via \u00abmin konto\u00bb, samt kan kreve retting eller sletting av opplysninger. Vi minner likevel om at enkelte data ikke kan slettes hvis det er i konflikt med opplysninger vi er lovp\u00e5lagt \u00e5 oppbevare for det offentlige i en bestemt tid.<\/span><\/p>\n<p><span style=\"font-family: 'Century Gothic', sans-serif;\">Det kan klages til Datatilsynet p\u00e5 behandling i strid med reglene.<\/span><\/p>\n<p class=\"western\"><span style=\"font-family: 'Century Gothic', sans-serif;\">Informasjonssikkerhet<\/span><\/p>\n<p><span style=\"font-family: 'Century Gothic', sans-serif;\">Vi sikrer dine personopplysninger ved b\u00e5de fysisk og virtuell adgangs- og tilgangskontroll, samt ved kryptering av sensitive deler av avgitte opplysninger. <\/span><\/p>\n<p class=\"western\"><span style=\"font-family: 'Century Gothic', sans-serif;\">Kontaktinformasjon<\/span><\/p>\n<p><span style=\"font-family: 'Century Gothic', sans-serif;\">Henvendelser om hvilke opplysninger som er registrert kan kunden selv se p\u00e5 egen konto etter innlogging. Retting og sletting av data kunden ikke selv kan endre, kan man henvende seg til v\u00e5r helpdesk om p\u00e5 nettsiden www.jetcarrier.net\/support.<\/span><\/p>\n","protected":false},"excerpt":{"rendered":"<p>Personvernerkl\u00e6ring for Jetcarrier\u00a0AS Behandlingsansvarlig Daglig leder er p\u00e5 vegne av Jetcarrier\u00a0AS behandlingsansvarlig for selskapets behandling av personopplysninger. Form\u00e5l Form\u00e5let med behandlingen er \u00e5 s\u00f8rge for at varer kunden bestiller kommer frem til kunden eller til den adresse kunden \u00f8nsker varene levert p\u00e5. Form\u00e5let med behandling av personnummer er \u00e5 sikre identiteten p\u00e5 mottaker ifbm. fortollinger. [&hellip;]<\/p>\n","protected":false},"author":2,"featured_media":0,"parent":111,"menu_order":0,"comment_status":"closed","ping_status":"closed","template":"","meta":{"footnotes":"","_links_to":"","_links_to_target":""},"class_list":["post-2226","page","type-page","status-publish","hentry"],"_links":{"self":[{"href":"https:\/\/www.jetcarrier.com\/cms\/wp-json\/wp\/v2\/pages\/2226","targetHints":{"allow":["GET"]}}],"collection":[{"href":"https:\/\/www.jetcarrier.com\/cms\/wp-json\/wp\/v2\/pages"}],"about":[{"href":"https:\/\/www.jetcarrier.com\/cms\/wp-json\/wp\/v2\/types\/page"}],"author":[{"embeddable":true,"href":"https:\/\/www.jetcarrier.com\/cms\/wp-json\/wp\/v2\/users\/2"}],"replies":[{"embeddable":true,"href":"https:\/\/www.jetcarrier.com\/cms\/wp-json\/wp\/v2\/comments?post=2226"}],"version-history":[{"count":3,"href":"https:\/\/www.jetcarrier.com\/cms\/wp-json\/wp\/v2\/pages\/2226\/revisions"}],"predecessor-version":[{"id":4462,"href":"https:\/\/www.jetcarrier.com\/cms\/wp-json\/wp\/v2\/pages\/2226\/revisions\/4462"}],"up":[{"embeddable":true,"href":"https:\/\/www.jetcarrier.com\/cms\/wp-json\/wp\/v2\/pages\/111"}],"wp:attachment":[{"href":"https:\/\/www.jetcarrier.com\/cms\/wp-json\/wp\/v2\/media?parent=2226"}],"curies":[{"name":"wp","href":"https:\/\/api.w.org\/{rel}","templated":true}]}}