{"id":111,"date":"2015-03-03T13:27:22","date_gmt":"2015-03-03T12:27:22","guid":{"rendered":"http:\/\/www.jetcarrier.com\/cms\/?page_id=111"},"modified":"2026-03-02T14:24:49","modified_gmt":"2026-03-02T13:24:49","slug":"vilkar","status":"publish","type":"page","link":"https:\/\/www.jetcarrier.com\/cms\/priser\/vilkar\/","title":{"rendered":"Vilk\u00e5r"},"content":{"rendered":"<p>Ved \u00e5 registrere deg eller p\u00e5 annet vis ta i bruk en adresse p\u00e5 JetCarriers terminal i Newark Delaware aksepterer du v\u00e5re vilk\u00e5r.<\/p>\n<p><strong>Fakturering<br \/>\n<\/strong><span style=\"line-height: 1.714285714; font-size: 1rem;\">Flyfrakt: 1-3 dager etter at pakken din er ankommet Norge er den i distribusjonsnettet, vi sender da ut en epost med oversikt over hvilke sendinger som ankommer til din registrerte e-post adresse. Fra og med 1.2.2008 sender vi ikke ut faktura men du m\u00e5 printe disse fra din konto &laquo;Mine faktura&raquo;.<\/span><\/p>\n<p>Sj\u00f8frakt: Vi fakturerer ca 14 dager f\u00f8r godset ankommer Norge. All sj\u00f8frakt m\u00e5 v\u00e6re betalt innen pakker og paller sendes\/leveres ut.<\/p>\n<p>Vi informerer om at f\u00f8lgende gjelder for pakker som ankommer ubooket<br \/>\n\u2022 Myboxglobal INC i USA pr\u00f8ver \u00e5 finne ut om det er en ettersending fra leverand\u00f8ren, om de finner ut av dette f\u00e5r den samme fraktsett som hovedsendingen.<br \/>\n\u2022 Vi fors\u00f8ker finne billigste variant for deg.<br \/>\n\u2022 V\u00e5r avgj\u00f8relse p\u00e5 ubookede pakker er endelig.<br \/>\n\u2022 Vi forbeholder oss retten til \u00e5 kreve forhandsbetaling mot nye kunder.<br \/>\n\u2022 Som ny kunde blir du automatisk lagt til v\u00e5rt elektroniske informasjons og nyhetsbrev men du kan selv kansellere abonnementet n\u00e5r som helst.<br \/>\n<em>Tips: BOOK PAKKER!<\/em><\/p>\n<p><strong>Lagerleie \/ Tollagerleie<\/strong><br \/>\nUkesleien beregnes pr. kubikkmeter pr. uke for vanlig lager og for lagring p\u00e5 tollager. Du finner satser p\u00e5 prislisten vi har for tilleggstjenester.<br \/>\nVanlige kunder har 7 dager fri oppbevaring p\u00e5 vanlig lager, mens Club JC medlemmer har 30 dagers fri oppbevaring p\u00e5 vanlig lager. For tollager er prisen den samme for alle kunder. Lagerleie faktureres kun p\u00e5 hele uker. Det betyr at 1-7 dager over tiden = 1 uke, 8-14 dager = 2 uker osv.<\/p>\n<p><strong>Destruksjon og ubetalte varer<\/strong><br \/>\nVarer som blir liggende p\u00e5 tollager mer enn 6 m\u00e5neder uten at kunden gj\u00f8r fors\u00f8k p\u00e5 \u00e5 f\u00e5 ordnet fortolling, papirer eller annet som mangler blir sendt til destruksjon eller fors\u00f8kt solgt for \u00e5 dekke v\u00e5re utgifter med varen. Alle kunder f\u00e5r en varsel 14 dager f\u00f8r dette skjer og s\u00e5ledes en siste frist til \u00e5 ordne dette. Pris for destruksjon<a href=\"http:\/\/www.jetcarrier.com\/cms\/priser\/prisliste-tilleggstjenester\/\"> finner du her.<\/a><br \/>\nDestruksjonen blir overv\u00e5ket\u00a0av lokale tollmyndigheter. Alle varer som er forbudt \u00e5 innf\u00f8re til landet eller som krever helt spesielle tillatelser vil bli destruert og ikke fors\u00f8kt solgt.<\/p>\n<p><strong>Forsikring og krav<\/strong><br \/>\nTransportforsikring kan tegnes separat ved booking. Forsikringen tegnes basert p\u00e5 \u00f8nsket forsikringssum ved booking. Denne kan ikke overstige varens\u00a0reelle verdi.<br \/>\nICC A for\u00a0<a href=\"http:\/\/www.jetcarrier.com\/PDF\/ICC_A.pdf\" target=\"_new\" rel=\"noopener noreferrer\">new goods<\/a><br \/>\nICC C for\u00a0<a href=\"http:\/\/www.jetcarrier.com\/PDF\/ICC_C.pdf\" target=\"_new\" rel=\"noopener noreferrer\">used goods<\/a><br \/>\nGods m\u00e5 v\u00e6re tilstrekkelig emballert, dette er avsenders og mottakers ansvar. Er godset utilstrekkelig emballert vil man i ytterste tilfelle ikke erstatte selv om forsikring er tegnet. Emballasjen skal alltid st\u00e5 i stil med reiseveien godset skal gjennom. Med frakt helt fra en stat i USA og frem til et postnummer i Skandinavia s\u00e5 tilsier dette at alt b\u00f8r emballeres meget godt. Spesielt uh\u00e5ndterlig eller tunggods som ikke kommer p\u00e5 pall b\u00f8r avsender v\u00e6re ekstra oppmerksom p\u00e5. Det er kj\u00f8pers ansvar og videreformidle denne informasjonen. Minimumssats p\u00e5 pakkeforsikring er 120 NOK\/SEK\/DKK. For kunder som henter pakker selv p\u00e5 terminal i Halden er det et krav at alt godset skal sjekkes ved henting. Er det ikke gjort merknader om skade ved utlevering, er godset \u00e5 betrakte som komplett og uskadet og ansvaret for godset overf\u00f8res til den som henter dette. OBS! forsikring kan kun tegnes pr. batch, det betyr at hvis du som kunde mottar gods fra samme ordre p\u00e5 forskjellige dager og godset kommer inn etter at en fly eller sj\u00f8batch er lukket s\u00e5 vil det tegnes ny forsikring p\u00e5 ditt gods som vil som minimum ha en minstepremie.<\/p>\n<p>F\u00f8lgende punkter gjelder vedr\u00f8rende merking og innpakking av varer.<br \/>\nHvert enkelt kolli av varene skal tydelig angi f\u00f8lgende:<br \/>\nAvsenders og mottakers navn og adresse<br \/>\nHvilken side som er \u00abopp\u00bb eller \u00abned\u00bb p\u00e5 kolliet<br \/>\nVarenes farlighetsgrad, angitt med internasjonale symboler<br \/>\nTyngdepunktsangivelser<br \/>\nL\u00f8fteanvisninger<br \/>\nDersom varenes beskaffenhet krever det, skal hvert enkelt kolli ogs\u00e5 inneholde s\u00e6rskilte anvisninger om behandling av varene, f.eks. at de skal behandles spesielt varsomt, eller at de ikke skal utsettes for bestemte typer p\u00e5virkning, som fuktighet, varme, slag, st\u00f8t o.l. Ved internasjonale transporter skal varene v\u00e6re merket p\u00e5 engelsk. Varene skal v\u00e6re innpakket, emballert og sikret slik at de kan t\u00e5le normale og p\u00e5regnelige transportp\u00e5kjenninger.<br \/>\nFor varer under 10 kg \/ 50 dm3 gjelder:<br \/>\nDet skal v\u00e6re minimum 2 cm med emballasje, inkl. st\u00f8tdempende materialer rundt varen.<br \/>\nFor varer fra 10 &#8211; 35 kg \/ 51 &#8211; 175 dm3 gjelder:<br \/>\nDet skal v\u00e6re minimum 5 cm med emballasje, inkl. st\u00f8tdempende materialer rundt varen.<br \/>\nFor varer over 35 kg \/ 175 dm3 gjelder:<br \/>\nDet skal v\u00e6re minimum 5 cm med emballasje, inkl. st\u00f8tdempende materialer rundt varen. Varen skal v\u00e6re plassert p\u00e5 pall eller komme i kasse som kan l\u00f8ftes ved bruk av jekketraller eller truck.<\/p>\n<p>F\u00f8lgende vareslag er <strong>ikke<\/strong> dekket av forsikringen:<br \/>\n<em>Verdipapirer (inkl. sjekker) og penger<\/em><br \/>\n<em>Klokker, edle metaller, edelstener, perler, juveler o.l.<\/em><br \/>\n<em>Kunstverk og andre varer\/artikler som har kunst- eller samlerverdi<\/em><br \/>\n<em>Lotterier, lodd av ulike slag<\/em><br \/>\n<em>Tobakk og tobakksvarer<\/em><br \/>\n<em>Alkohol, inkl. alkoholholdige drikkevarer<\/em><br \/>\n<em>Temperaturregulerte eller ferske matvarer<\/em><br \/>\n<em>Levende dyr<\/em><br \/>\n<em>Levende planter\/vekster<\/em><br \/>\n<em>V\u00e5pen eller ammunisjon<\/em><br \/>\n<em>Pels, pelsverk eller skinn<\/em><br \/>\n<em>Varer av gips, terrakotta, marmor, murstein, fliser og glassvarer<\/em><br \/>\n<em>Personlige effekter \/ flyttegods<\/em><\/p>\n<p>For skader som oppst\u00e5r i USA, <strong>f\u00f8r<\/strong> varen er kommet inn i internasjonal transportflyt, s\u00e5 erstattes denne basert p\u00e5 verdi eller vekt. Det erstattes 0,25 USD per pund (lbs) i de tilfellene skaden ligger hos Jetcarrier, men maks oppad begrenset til vareverdi.<br \/>\nEksempel 1: En vare som koster 20 USD og veier 100 lbs erstattes med 20 USD.<br \/>\nEksempel 2: En vare som koster 20 USD og veier 10 lbs erstattes med 2,5 USD.<\/p>\n<p><em>Egenandeler ved skade:<br \/>\nKj\u00f8ret\u00f8y: 6000 NOK<br \/>\nPakker og stykkgods: 10% av vareverdi, min. 250 NOK<br \/>\nPaller: 10% av vareverdi, min 950 NOK.<\/em><\/p>\n<p><strong>Alle oppdrag utf\u00f8res i henhold til Incoterms \/ NSAB 2000.<\/strong><br \/>\n1. Ansvar. JetCarrier ansvar reguleres av det gjeldende lands transportlovgivning og Incoterms \/ NSAB 2000. I henhold til vegfraktloven og NSAB 2000 er JetCarrier ansvar ved skade og tap begrenset til 8,33 SDR, og ved forsinkelse til fraktbel\u00f8pet. Ansvarsbegrensningene i NSAB 2000 skal ogs\u00e5 gjelde for kontraktsbrudd som ikke omfattes av den gjeldende transportlovgivning eller Incoterms \/ NSAB 2000. JetCarrier anser gods som forsinket n\u00e5r det oppst\u00e5r lengre enn 6 uker leveringstid p\u00e5 flygods\u00a0og 16 uker for sj\u00f8gods. Leveringstiden gjelder fra godset er registrert inn i v\u00e5re systemer i USA. For kj\u00f8ret\u00f8y gjelder fristen fra datoen vi anser at alle n\u00f8dvendig papirer for \u00e5 klarere kj\u00f8ret\u00f8yet for eksport, er mottatt.<br \/>\n2. Ved bruk av JetCarrier.com ansvarer Myboxglobal Inc for mottak av gods i terminal i Delaware USA, eksport og frakt. Myboxglobal Inc ansvarer for at godset blir signert for ved mottak og at godset sendes til kundens registrerte hjem eller firma adresse. Myboxglobal Inc overtar ansvaret for godset etter signert mottak og overtar samtidig den juridiske eienderetten av godset fram til endelig leveranse hos kunden. Myboxglobal INC i Delaware regner ikke gods som mottatt f\u00f8r det er registrert inn i JetCarrier systemet. At godset er signert for i USA anses kun som et forel\u00f8pig mottak og ikke et bekreftet mottak av gods.<br \/>\n3. Reklamasjon. Den som vil kreve erstatning for<br \/>\n<span style=\"line-height: 1.714285714; font-size: 1rem;\">(a) synlig tap eller skade, m\u00e5 gi JetCarrier melding om skaden og skadens art ved utlevering.\u00a0Ved utlevering fra underleverand\u00f8r (f.eks. PostNord) m\u00e5 det noteres i PN sitt system at det er skade ved utlevering.<br \/>\n<\/span><span style=\"line-height: 1.714285714; font-size: 1rem;\">(b) skjult tap eller skade, m\u00e5 meldes JetCarrier \u00a0skriftlig senest\u00a04 timer\u00a0etter utleveringen.\u00a0Ved utlevering fra underleverand\u00f8r (f.eks. PostNord) m\u00e5 det noteres i PN sitt system at det er registrert skjult skade etter\u00a0utlevering. Fristen er fortsatt 4 timer etter utlevert gods.<br \/>\n<\/span><span style=\"line-height: 1.714285714; font-size: 1rem;\">(c) forsinket utlevering, m\u00e5 meldes JetCarrier \u00a0skriftlig innen 7 dager etter at godset ble stilt til hans r\u00e5dighet, hvis ikke g\u00e5r kravet tapt.<br \/>\n<\/span>Dersom det er gitt kvittering p\u00e5 transportdokumentet uten anmerkninger, skal det legges til grunn at godset ved utleveringen var i den stand som transportdokumentet angir, med mindre mottakeren kan bevise noe annet. Reklamasjoner p\u00e5 faktura m\u00e5 for \u00e5 kunne gj\u00f8res gjeldende, fremsettes skriftlig og uten ugrunnet opphold, og senest innen forfallsdato.<br \/>\nAlle skadesaker behandles kun digitalt pga. dokumentasjonskravet i slike saker, etter f\u00f8rste kontakt med informasjon om at en skade er oppst\u00e5tt s\u00e5 m\u00e5 den som vil kreve erstatning forholde seg til digital kommunikasjon med v\u00e5r skadeavdeling. Emnefeltet fra v\u00e5r skadeavdeling m\u00e5 beholdes hele veien, e-poster som ikke kommer som svar p\u00e5 opprinnelig skade e-post blir slettet.<br \/>\n4. Sikkerhetsrett for fordringer som har oppst\u00e5tt i kontraktsperioden, har JetCarrier tilbakeholdsrett\/panterett i sendinger til fordringene er dekket, til sikkerhet for fraktbel\u00f8pet og for \u00f8vrige fordringer p\u00e5 oppdragsgiveren.<br \/>\n5. Oppdragsgivers betalingsplikt: Uansett hva som gjelder for oppdragsgiverens betalingsplikt ifg. inng\u00e5tt betalingsavtale eller fraktavtale med andre enn JetCarrier, plikter oppdragsgiveren p\u00e5 anmodning \u00e5 betale JetCarrier \u00a0tilgodehavende mot n\u00f8dvendig dokumentasjon.<br \/>\n6. Tvister i anledning betingelsene og tilh\u00f8rende bestemmelser, samt tvister som ang\u00e5r der i omtalte og der av f\u00f8lgende rettsforhold h\u00f8rer inn under de ordin\u00e6re domstoler, med S\u00f8ndre \u00d8stfold tingrett som verneting.<br \/>\n7. Ved \u00e5 ta i bruk v\u00e5re tjenester aksepterer du at Jetcarrier AS fortoller varen p\u00e5 vegne av deg til fastsatte priser.<\/p>\n<p>Les ogs\u00e5 mer om evt. <a href=\"http:\/\/www.jetcarrier.com\/cms\/nyttig-info\/frakt-og-restriksjoner\/\">restriksjoner<\/a> som m\u00e5tte ber\u00f8re v\u00e5re vilk\u00e5r.<\/p>\n<p><a href=\"http:\/\/www.lovdata.no\/cgi-wift\/wiftldles?doc=\/usr\/www\/lovdata\/all\/nl-19741220-068.html&amp;emne=vegfraktavtal*&amp;\" target=\"_blank\" rel=\"noopener noreferrer\">Vegfraktloven<\/a><\/p>\n<ul>\n<li style=\"list-style-type: none;\">\n<ul>NSAB2015<\/ul>\n<\/li>\n<\/ul>\n<ul>\n<li><a href=\"http:\/\/www.jetcarrier.com\/cms\/wp-content\/uploads\/2018\/08\/NSAB-Final-ENGLISH-20151027.pdf\" target=\"_blank\" rel=\"noopener noreferrer\">English<\/a><\/li>\n<\/ul>\n<p><a href=\"http:\/\/www.iccwbo.org\/incoterms\/\" target=\"incot\" rel=\"noopener noreferrer\">Incoterms<\/a><\/p>\n<p><a href=\"http:\/\/www.jetcarrier.com\/cms\/priser\/vilkar\/gdpr\/\">GDPR<\/a><\/p>\n<p><em>Vi reserverer oss for eventuelle skrivefeil p\u00e5 v\u00e5re nettsider.<br \/>\nDenne siden inneholder forenklede vilk\u00e5r. Komplette vilk\u00e5r som samfaller med forenklede kan\u00a0sendes p\u00e5 foresp\u00f8rsel.<\/em><\/p>\n","protected":false},"excerpt":{"rendered":"<p>Ved \u00e5 registrere deg eller p\u00e5 annet vis ta i bruk en adresse p\u00e5 JetCarriers terminal i Newark Delaware aksepterer du v\u00e5re vilk\u00e5r. Fakturering Flyfrakt: 1-3 dager etter at pakken din er ankommet Norge er den i distribusjonsnettet, vi sender da ut en epost med oversikt over hvilke sendinger som ankommer til din registrerte e-post [&hellip;]<\/p>\n","protected":false},"author":2,"featured_media":0,"parent":46,"menu_order":19,"comment_status":"closed","ping_status":"closed","template":"","meta":{"footnotes":"","_links_to":"","_links_to_target":""},"class_list":["post-111","page","type-page","status-publish","hentry"],"_links":{"self":[{"href":"https:\/\/www.jetcarrier.com\/cms\/wp-json\/wp\/v2\/pages\/111","targetHints":{"allow":["GET"]}}],"collection":[{"href":"https:\/\/www.jetcarrier.com\/cms\/wp-json\/wp\/v2\/pages"}],"about":[{"href":"https:\/\/www.jetcarrier.com\/cms\/wp-json\/wp\/v2\/types\/page"}],"author":[{"embeddable":true,"href":"https:\/\/www.jetcarrier.com\/cms\/wp-json\/wp\/v2\/users\/2"}],"replies":[{"embeddable":true,"href":"https:\/\/www.jetcarrier.com\/cms\/wp-json\/wp\/v2\/comments?post=111"}],"version-history":[{"count":43,"href":"https:\/\/www.jetcarrier.com\/cms\/wp-json\/wp\/v2\/pages\/111\/revisions"}],"predecessor-version":[{"id":5311,"href":"https:\/\/www.jetcarrier.com\/cms\/wp-json\/wp\/v2\/pages\/111\/revisions\/5311"}],"up":[{"embeddable":true,"href":"https:\/\/www.jetcarrier.com\/cms\/wp-json\/wp\/v2\/pages\/46"}],"wp:attachment":[{"href":"https:\/\/www.jetcarrier.com\/cms\/wp-json\/wp\/v2\/media?parent=111"}],"curies":[{"name":"wp","href":"https:\/\/api.w.org\/{rel}","templated":true}]}}